010100101110111 (base 2) to base 12
389133
-5d6b6b (base 14) to base 10
-3207243
Convert 651f83 (base 16) to base 5.
3144032303
Convert -1d38b0 (base 14) to base 9.
-1865420
What is 132525333 (base 6) in base 11?
1554066
Convert 5d380d (base 14) to base 6.
152315045
What is -2bc1ea (base 15) in base 14?
-3d14b8
536631 (base 7) to base 9
152363
Convert -2b75596 (base 13) to base 9.
-28221370
44213 (base 12) to base 14
24bdd
220022000111111 (base 3) to base 15
1200d77
Convert 1033050 (base 6) to base 15.
1029c
-4134576 (base 8) to base 9
-2050456
Convert 31623523 (base 8) to base 9.
13643316
Convert 17b314 (base 14) to base 16.
cc796
27766521 (base 8) to base 12
2132155
2358740 (base 9) to base 5
311414034
-1b856 (base 13) to base 11
-37759
Convert 507b4 (base 14) to base 8.
572112
Convert 77483 (base 9) to base 16.
c8e5
What is 1065824 (base 11) in base 7?
21604212
What is 220222120202 (base 3) in base 9?
828522
Convert -28158 (base 13) to base 14.
-1d44c
What is 3122032 (base 6) in base 15?
2ea28
-30152400 (base 6) to base 5
-204322030
-112113344 (base 5) to base 2
-1111011000110100000
Convert 14367 (base 16) to base 10.
82791
36e22 (base 15) to base 13
61a42
What is -a8461 (base 15) in base 9?
-1003751
aa1af0 (base 16) to base 7
163520335
72a092 (base 13) to base 2
1010001101110111110110
What is -1001011111100010001011 (base 2) in base 5?
-1114112314
What is -254a06 (base 11) in base 2?
-1100010000110110111
Convert -2613332 (base 10) to base 3.
-11220202211002
4312021 (base 7) to base 9
877854
122890 (base 11) to base 4
233120032
-26b38 (base 13) to base 9
-120043
Convert -35879aa (base 11) to base 15.
-836212
1369fe (base 16) to base 2
100110110100111111110
What is 14131 (base 16) in base 2?
10100000100110001
-1240628 (base 13) to base 3
-101200210220222
What is 310242 (base 8) in base 2?
11001000010100010
Convert -113102 (base 4) to base 13.
-8a8
20102000212 (base 3) to base 14
33d80
Convert -55 (base 9) to base 16.
-32
130353 (base 6) to base 12
69b9
Convert -20ac48 (base 14) to base 7.
-12253021
1333312344 (base 6) to base 16
f5fea8
22039 (base 13) to base 7
344326
What is -1304452 (base 9) in base 4?
-2231303003
-2458272 (base 9) to base 14
-26b834
Convert e6401 (base 15) to base 14.
14dddb
Convert -11001001211 (base 3) to base 13.
-2a262
1030001343 (base 6) to base 10
10917855
-12132112211 (base 4) to base 16
-19e5a5
-630556 (base 8) to base 15
-4200c
What is -3562414 (base 8) in base 15?
-144360
Convert -c20c8b (base 14) to base 16.
-63b04b
Convert 4e088 (base 15) to base 5.
30444003
11751207 (base 8) to base 11
1522865
Convert -20b07 (base 12) to base 14.
-1199d
-4134322 (base 5) to base 3
-10110101202
-152b1 (base 12) to base 2
-111010001100101
Convert 84409 (base 16) to base 10.
541705
13311441 (base 5) to base 13
49737
What is -42250 (base 7) in base 2?
-10100010110111
What is -10a1924 (base 13) in base 14?
-9726c7
-671166 (base 8) to base 16
-37276
What is 3432460 (base 7) in base 13?
11cc44
11315687 (base 9) to base 16
53f578
What is -13221333322 (base 5) in base 16?
-fd240d
Convert -53688 (base 12) to base 8.
-326410
Convert -11330233 (base 5) to base 8.
-315154
-11542538 (base 10) to base 6
-1051221402
What is -20a (base 15) in base 13?
-295
Convert 240023000 (base 5) to base 6.
35251103
Convert 1100c90 (base 15) to base 13.
2696736
What is -3323302321 (base 4) in base 2?
-11111011110010111001
What is -20752a (base 12) in base 7?
-4224244
Convert 66274042 (base 8) to base 4.
312113200202
Convert 13230131 (base 8) to base 4.
23103001121
What is 32410140 (base 5) in base 15?
57915
-1011101110000011011100 (base 2) to base 9
-5702257
Convert 532154 (base 6) to base 2.
1010100100000110
What is 677424 (base 10) in base 15?
d5ab9
-661ab9 (base 12) to base 5
-403330332
111010010111001 (base 2) to base 10
29881
What is -152470 (base 9) in base 10?
-93699
What is 2003000200 (base 5) in base 12?
13a7873
-10304421 (base 5) to base 16
-1582f
What is -4232ce (base 15) in base 5?
-1301241034
What is -443534015 (base 6) in base 16?
-7a673b
Convert -12111110121110 (base 3) to base 12.
-b8b170
Convert 244012 (base 6) to base 3.
1002122022
103787b (base 12) to base 8
13533437
Convert -18bb10 (base 12) to base 14.
-b4908
100011111111000000 (base 2) to base 11
a0813
Convert -238a56 (base 12) to base 4.
-2030123202
What is 3160b (base 13) in base 15?
1b520
Convert 1260d (base 16) to base 14.
1d60d
9376a0 (base 14) to base 9
10324037
What is -1022431 (base 5) in base 9?
-25576
What is 10111001011 (base 3) in base 13?
25288
What is 715115 (base 13) in base 9?
4861652
What is -57a30 (base 12) in base 11?
-80103
88a50b (base 16) to base 3
121211222011010
4604313 (base 7) to base 10
572967
What is 121021221202 (base 3) in base 14?
84c50
Convert 175d7 (base 15) to base 11.
51867
333201 (base 6) to base 14
a277
-43787 (base 13) to base 6
-2341225
643826 (base 9) to base 14
9da17
Convert 110030222 (base 4) to base 3.
11012111002
Convert 1000100001101011100 (base 2) to base 8.
1041534
What is -4057751 (base 8) in base 4?
-10011333221
What is 102010111000 (base 3) in base 11?
13a638
What is -3822bb (base 13) in base 15?
-1b92bd
What is -11046573 (base 8) in base 7?
-26136146
What is -2323003 (base 4) in base 9?
-17371
110111011110101 (base 2) to base 9
42861
Convert 9681b8 (base 13) to base 4.
31132002103
Convert -1200313103 (base 4) to base 9.
-664218
Convert -20aa0c (base 16) to base 13.
-59c4a0
Convert a801a (base 16) to base 12.
2922a2
What is 9d47a (base 15) in base 5?
112004030
What is 11101100101101000 (base 2) in base 7?
1013221
What is 1514107 (base 9) in base 12?
343b37
What is -ba2bc (base 16) in base 15?
-100e21
-449333 (base 11) to base 13
-1c0683
Convert 1232302313 (base 4) to base 10.
453815
Convert 3daaa (base 15) to base 14.
52304
102276 (base 9) to base 14
181c6
Convert 122241214 (base 6) to base 4.
20332222222
-a8a286 (base 15) to base 9
-16103270
What is 1314041 (base 5) in base 9?
38771
What is 2344403414 (base 5) in base 16?
5367fd
Convert 12203004 (base 5) to base 10.
116004
Convert 210121041 (base 5) to base 10.
863896
Convert -4f5466 (base 16) to base 8.
-23652146
What is 5735614 (base 8) in base 4?
11323232030
26eca6 (base 15) to base 11
1069a0a
-120629 (base 10) to base 16
-1d735
Convert e082 (base 16) to base 6.
1122030
Convert 779cb (base 14) to base 13.
a2047
11141343 (base 5) to base 9
161554
Convert b00a (base 12) to base 4.
10221022
10021033031 (base 4) to base 14
203ccd
Convert 120122202222111 (base 3) to base 11.
477409a
-2423204403 (base 5) to base 7
-66161026
Convert -44 (base 9) to base 15.
-2a
What is -202505142 (base 6) in base 4?
-31110223112
Convert 34005 (base 16) to base 5.
23303442
Convert 221021122101 (base 3) to base 12.
1bbba7
What is -4aa295 (base 11) in base 3?
-1111212020210
2172436 (base 8) to base 13
17727a
What is 101100101100011000001111 (base 2) in base 6?
1055041131
20210000221 (base 3) to base 4
200210320
-10101132 (base 4) to base 2
-100010001011110
Convert 1257833 (base 9) to base 6.
22425433
-1071117 (base 9) to base 13
-173236
1517485 (base 9) to base 3
1120121112212
Convert 1010010110000001110 (base 2) to base 5.
41321313
What is 11010100111000111 (base 2) in base 5?
11441444
Convert 20201211210000 (base 3) to base 2.
1101101001110101011100
What is -6677 (base 12) in base 8?
-26073
-da1c (base 16) to base 14
-164c4
-1b489e (base 16) to base 8
-6644236
Convert -146117 (base 11) to base 6.
-4514204
106630236 (base 7) to base 16
6462b1
What is 2233476 (base 8) in base 12?
251626
Convert -1021133030 (base 4) to base 9.
-507808
Convert 200220122000 (base 3) to base 8.
1327031
Convert -211200221201021 (base 3) to base 16.
-b817e5
What is 672341 (base 11) in base 15?
1628c8
What is -201231200 (base 4) in base 2?
-100001101101100000
16036637 (base 8) to base 6
210555503
-80a165 (base 15) to base 12
-2067412
110000211002 (base 3) to base 12
b5048
What is -26736818 (base 9) in base 15?
-1258dee
What is -100110110110101010111 (base 2) in base 14?
-251db1
-20000437 (base 8) to base 14
-7b28d9
Convert -188735 (base 9) to base 10.
-117968
What is 11343 (base 12) in base 13?
a5a2
Convert c3599 (base 15) to base 11.
392a91
47113403 (base 8) to base 12
352a997
31852213 (base 9) to base 8
72545051
What is 3c64